{"id":825,"date":"2021-08-12T12:09:18","date_gmt":"2021-08-12T10:09:18","guid":{"rendered":"https:\/\/v2.lafevedoree.fr\/?page_id=825"},"modified":"2023-11-09T17:05:43","modified_gmt":"2023-11-09T16:05:43","slug":"home-page","status":"publish","type":"page","link":"https:\/\/v2.lafevedoree.fr\/","title":{"rendered":"La F\u00e8ve Dor\u00e9e &#8211; Alan Herre &#8211; Artisan Chocolatier"},"content":{"rendered":"<div id=\"pl-825\"  class=\"panel-layout\" ><div id=\"pg-825-0\"  class=\"panel-grid panel-no-style\" ><div id=\"pgc-825-0-0\"  class=\"panel-grid-cell\" ><div id=\"panel-825-0-0-0\" class=\"so-panel widget widget_siteorigin-panels-builder panel-first-child panel-last-child\" data-index=\"0\" ><div id=\"pl-w654d03579004c\"  class=\"panel-layout\" ><div id=\"pg-w654d03579004c-0\"  class=\"panel-grid panel-no-style\" ><div id=\"pgc-w654d03579004c-0-0\"  class=\"panel-grid-cell\" ><div id=\"panel-w654d03579004c-0-0-0\" class=\"so-panel widget widget_metaslider_widget panel-first-child panel-last-child\" data-index=\"0\" ><div id=\"metaslider-id-906\" style=\"width: 100%; margin: 0 auto;\" class=\"ml-slider-3-108-0 metaslider metaslider-flex metaslider-906 ml-slider ms-theme-default nav-hidden\" role=\"region\" aria-label=\"Diapo 01\" data-height=\"500\" data-width=\"1600\">\n    <div id=\"metaslider_container_906\">\n        <div id=\"metaslider_906\">\n            <ul class='slides'>\n                <li style=\"display: block; width: 100%;\" class=\"slide-913 ms-image \" aria-roledescription=\"slide\" data-date=\"2021-08-13 12:51:40\" data-filename=\"Slide-01-2.jpg\" data-slide-type=\"image\"><img loading=\"lazy\" decoding=\"async\" src=\"https:\/\/v2.lafevedoree.fr\/wp-content\/uploads\/2021\/08\/Slide-01-2.jpg\" height=\"500\" width=\"1600\" alt=\"\" class=\"slider-906 slide-913 msDefaultImage\" title=\"Chocolats hauts gammes d&#039;Alan Herre, La F\u00e8ve Dor\u00e9e\" \/><\/li>\n                <li style=\"display: none; width: 100%;\" class=\"slide-915 ms-image \" aria-roledescription=\"slide\" data-date=\"2021-08-13 12:51:40\" data-filename=\"Slide-02.jpg\" data-slide-type=\"image\"><a href=\"https:\/\/www.youtube.com\/watch?v=fk_RvXX7Qqk\" target=\"_blank\" aria-label=\"Voir les d\u00e9tails de la diapositive\" class=\"metaslider_image_link\"><img loading=\"lazy\" decoding=\"async\" src=\"https:\/\/v2.lafevedoree.fr\/wp-content\/uploads\/2021\/08\/Slide-02.jpg\" height=\"500\" width=\"1600\" alt=\"\" class=\"slider-906 slide-915 msDefaultImage\" title=\"Prix Moovjee 2019\" \/><\/a><\/li>\n                <li style=\"display: none; width: 100%;\" class=\"slide-914 ms-image \" aria-roledescription=\"slide\" data-date=\"2021-08-13 12:51:40\" data-filename=\"Slide-03-1.jpg\" data-slide-type=\"image\"><a href=\"\/index.php?p=721\" target=\"_self\" aria-label=\"Voir les d\u00e9tails de la diapositive\" class=\"metaslider_image_link\"><img loading=\"lazy\" decoding=\"async\" src=\"https:\/\/v2.lafevedoree.fr\/wp-content\/uploads\/2021\/08\/Slide-03-1.jpg\" height=\"500\" width=\"1600\" alt=\"\" class=\"slider-906 slide-914 msDefaultImage\" title=\"Espaces Entreprise, La F\u00e8ve Dor\u00e9e\" \/><\/a><\/li>\n            <\/ul>\n        <\/div>\n        \n    <\/div>\n<\/div><\/div><\/div><\/div><div id=\"pg-w654d03579004c-1\"  class=\"panel-grid panel-no-style\" ><div id=\"pgc-w654d03579004c-1-0\"  class=\"panel-grid-cell\" ><div id=\"panel-w654d03579004c-1-0-0\" class=\"so-panel widget widget_sow-image panel-first-child\" data-index=\"1\" ><div\n\t\t\t\n\t\t\tclass=\"so-widget-sow-image so-widget-sow-image-default-113ccd71f3e6\"\n\t\t\t\n\t\t>\n<div class=\"sow-image-container\">\n\t\t<img \n\tsrc=\"https:\/\/v2.lafevedoree.fr\/wp-content\/uploads\/2021\/08\/picto-fait-maison-150x150.png\" width=\"100\" height=\"100\" srcset=\"https:\/\/v2.lafevedoree.fr\/wp-content\/uploads\/2021\/08\/picto-fait-maison-150x150.png 150w, https:\/\/v2.lafevedoree.fr\/wp-content\/uploads\/2021\/08\/picto-fait-maison.png 244w\" sizes=\"(max-width: 100px) 100vw, 100px\" alt=\"\" \t\tclass=\"so-widget-image\"\/>\n\t<\/div>\n\n<\/div><\/div><div id=\"panel-w654d03579004c-1-0-1\" class=\"so-panel widget widget_sow-editor panel-last-child\" data-index=\"2\" ><div\n\t\t\t\n\t\t\tclass=\"so-widget-sow-editor so-widget-sow-editor-base\"\n\t\t\t\n\t\t>\n<div class=\"siteorigin-widget-tinymce textwidget\">\n\t<h3>\n<p style=\"text-align: center; line-height: 26px;\"><span style=\"color: #d2bc8d; font-size: 38px;\"><strong>100%<\/strong><\/span><br \/>\n<span style=\"color: #000000; font-size: 26px;\">fait maison<\/span><\/p>\n<\/h3>\n<\/div>\n<\/div><\/div><\/div><div id=\"pgc-w654d03579004c-1-1\"  class=\"panel-grid-cell\" ><div id=\"panel-w654d03579004c-1-1-0\" class=\"so-panel widget widget_sow-image panel-first-child\" data-index=\"3\" ><div\n\t\t\t\n\t\t\tclass=\"so-widget-sow-image so-widget-sow-image-default-113ccd71f3e6\"\n\t\t\t\n\t\t>\n<div class=\"sow-image-container\">\n\t\t<img \n\tsrc=\"https:\/\/v2.lafevedoree.fr\/wp-content\/uploads\/2021\/08\/picto-bio-150x150.png\" width=\"100\" height=\"100\" srcset=\"https:\/\/v2.lafevedoree.fr\/wp-content\/uploads\/2021\/08\/picto-bio-150x150.png 150w, https:\/\/v2.lafevedoree.fr\/wp-content\/uploads\/2021\/08\/picto-bio.png 244w\" sizes=\"(max-width: 100px) 100vw, 100px\" alt=\"\" \t\tclass=\"so-widget-image\"\/>\n\t<\/div>\n\n<\/div><\/div><div id=\"panel-w654d03579004c-1-1-1\" class=\"so-panel widget widget_sow-editor panel-last-child\" data-index=\"4\" ><div\n\t\t\t\n\t\t\tclass=\"so-widget-sow-editor so-widget-sow-editor-base\"\n\t\t\t\n\t\t>\n<div class=\"siteorigin-widget-tinymce textwidget\">\n\t<h3>\n<p style=\"text-align: center; line-height: 26px;\"><span style=\"color: #776d23; font-size: 38px;\"><strong>Sans<\/strong><\/span><br \/>\n<span style=\"color: #000000; font-size: 26px;\">conservateur<\/span><\/p>\n<\/h3>\n<\/div>\n<\/div><\/div><\/div><div id=\"pgc-w654d03579004c-1-2\"  class=\"panel-grid-cell\" ><div id=\"panel-w654d03579004c-1-2-0\" class=\"so-panel widget widget_sow-image panel-first-child\" data-index=\"5\" ><div\n\t\t\t\n\t\t\tclass=\"so-widget-sow-image so-widget-sow-image-default-113ccd71f3e6\"\n\t\t\t\n\t\t>\n<div class=\"sow-image-container\">\n\t\t<img \n\tsrc=\"https:\/\/v2.lafevedoree.fr\/wp-content\/uploads\/2021\/08\/picto-pur-cacao-150x150.png\" width=\"100\" height=\"100\" srcset=\"https:\/\/v2.lafevedoree.fr\/wp-content\/uploads\/2021\/08\/picto-pur-cacao-150x150.png 150w, https:\/\/v2.lafevedoree.fr\/wp-content\/uploads\/2021\/08\/picto-pur-cacao.png 245w\" sizes=\"(max-width: 100px) 100vw, 100px\" alt=\"Pur Cacao\" \t\tclass=\"so-widget-image\"\/>\n\t<\/div>\n\n<\/div><\/div><div id=\"panel-w654d03579004c-1-2-1\" class=\"so-panel widget widget_sow-editor panel-last-child\" data-index=\"6\" ><div\n\t\t\t\n\t\t\tclass=\"so-widget-sow-editor so-widget-sow-editor-base\"\n\t\t\t\n\t\t>\n<div class=\"siteorigin-widget-tinymce textwidget\">\n\t<h3>\n<p style=\"text-align: center; line-height: 26px;\"><span style=\"color: #da328a; font-size: 38px;\"><strong>100%<\/strong><\/span><br \/>\n<span style=\"color: #000000; font-size: 26px;\">pur cacao<\/span><\/p>\n<\/h3>\n<\/div>\n<\/div><\/div><\/div><\/div><div id=\"pg-w654d03579004c-2\"  class=\"panel-grid panel-has-style\" ><div class=\"panel-row-style panel-row-style-for-w654d03579004c-2\" ><div id=\"pgc-w654d03579004c-2-0\"  class=\"panel-grid-cell\" ><div id=\"panel-w654d03579004c-2-0-0\" class=\"so-panel widget widget_sow-image panel-first-child panel-last-child\" data-index=\"7\" ><div\n\t\t\t\n\t\t\tclass=\"so-widget-sow-image so-widget-sow-image-default-113ccd71f3e6\"\n\t\t\t\n\t\t>\n<div class=\"sow-image-container\">\n\t\t<img \n\tsrc=\"https:\/\/v2.lafevedoree.fr\/wp-content\/uploads\/2021\/08\/Alan-Herre-254x300.png\" width=\"254\" height=\"300\" srcset=\"https:\/\/v2.lafevedoree.fr\/wp-content\/uploads\/2021\/08\/Alan-Herre-254x300.png 254w, https:\/\/v2.lafevedoree.fr\/wp-content\/uploads\/2021\/08\/Alan-Herre.png 617w\" sizes=\"(max-width: 254px) 100vw, 254px\" alt=\"Alan Herre\" \t\tclass=\"so-widget-image\"\/>\n\t<\/div>\n\n<\/div><\/div><\/div><div id=\"pgc-w654d03579004c-2-1\"  class=\"panel-grid-cell\" ><div id=\"panel-w654d03579004c-2-1-0\" class=\"so-panel widget widget_sow-editor panel-first-child panel-last-child\" data-index=\"8\" ><div class=\"panel-widget-style panel-widget-style-for-w654d03579004c-2-1-0\" ><div\n\t\t\t\n\t\t\tclass=\"so-widget-sow-editor so-widget-sow-editor-base\"\n\t\t\t\n\t\t>\n<div class=\"siteorigin-widget-tinymce textwidget\">\n\t<p style=\"text-align: left; color: #000000;\">Passionn\u00e9, curieux d\u00e9termin\u00e9 et motiv\u00e9, j\u2019ai d\u00e9croch\u00e9 une place au <strong>Westin Paris Vend\u00f4me<\/strong> en tant que p\u00e2tissier.<\/p>\n<p><span style=\"color: #000000;\">Enthousiasm\u00e9 par ce monde, j\u2019ai choisi comme m\u00e9tier la chocolaterie et confiserie au c\u00f4t\u00e9 du meilleur ouvrier de France, <strong><a href=\"https:\/\/www.lamaisonduchocolat.com\/fr_fr\/nicolas-cloiseau-meilleur-ouvrier-de-france-mof-chocolatier\" target=\"_blank\" rel=\"noopener noreferrer\">Nicolas CLOISEAU<\/a>, \u00e0 La Maison du Chocolat.<\/strong><\/span><\/p>\n<p><span style=\"color: #d2bc8d;\"><strong><i>Alan HERRE<\/i><\/strong><\/span><\/p>\n<\/div>\n<\/div><\/div><\/div><\/div><\/div><\/div><div id=\"pg-w654d03579004c-3\"  class=\"panel-grid panel-has-style\" ><div class=\"panel-row-style panel-row-style-for-w654d03579004c-3\" ><div id=\"pgc-w654d03579004c-3-0\"  class=\"panel-grid-cell\" ><div id=\"panel-w654d03579004c-3-0-0\" class=\"so-panel widget widget_sow-editor panel-first-child\" data-index=\"9\" ><div\n\t\t\t\n\t\t\tclass=\"so-widget-sow-editor so-widget-sow-editor-base\"\n\t\t\t\n\t\t>\n<div class=\"siteorigin-widget-tinymce textwidget\">\n\t<h4>\n<p style=\"text-align: center; line-height: 26px;\"><span style=\"color: #d2bc8d; font-size: 38px;\"><strong>Pour commander<\/strong><\/span><\/p>\n<\/h4>\n<\/div>\n<\/div><\/div><div id=\"panel-w654d03579004c-3-0-1\" class=\"so-panel widget widget_sow-button panel-last-child\" data-index=\"10\" ><div\n\t\t\t\n\t\t\tclass=\"so-widget-sow-button so-widget-sow-button-flat-021bf53f408c\"\n\t\t\t\n\t\t><div class=\"ow-button-base ow-button-align-center\"\n>\n\t\t\t<a\n\t\t\t\t\thref=\"https:\/\/la-feve-doree.sumup.link\"\n\t\t\t\t\tclass=\"mk-btn-contact sowb-button ow-icon-placement-left ow-button-hover\" target=\"_blank\" rel=\"noopener noreferrer\" \t>\n\t\t<span>\n\t\t\t<span class=\"sow-icon-fontawesome sow-fas\" data-sow-icon=\"&#xf54e;\"\n\t\tstyle=\"\" \n\t\taria-hidden=\"true\"><\/span>\n\t\t\tBOUTIQUE EN LIGNE\t\t<\/span>\n\t\t\t<\/a>\n\t<\/div>\n<\/div><\/div><\/div><\/div><\/div><\/div><\/div><\/div><\/div><\/div>","protected":false},"excerpt":{"rendered":"<p>100% fait maison Sans conservateur 100% pur cacao Passionn\u00e9, curieux d\u00e9termin\u00e9 et motiv\u00e9, j\u2019ai d\u00e9croch\u00e9 une place au Westin Paris Vend\u00f4me en tant que p\u00e2tissier. Enthousiasm\u00e9 par ce monde, j\u2019ai choisi comme m\u00e9tier la chocolaterie et confiserie au c\u00f4t\u00e9 du meilleur ouvrier de France, Nicolas CLOISEAU, \u00e0 La Maison du Chocolat. Alan HERRE Pour commander [&hellip;]<\/p>\n","protected":false},"author":1,"featured_media":0,"parent":0,"menu_order":0,"comment_status":"closed","ping_status":"closed","template":"","meta":{"footnotes":""},"class_list":["post-825","page","type-page","status-publish","hentry"],"aioseo_notices":[],"_links":{"self":[{"href":"https:\/\/v2.lafevedoree.fr\/index.php\/wp-json\/wp\/v2\/pages\/825","targetHints":{"allow":["GET"]}}],"collection":[{"href":"https:\/\/v2.lafevedoree.fr\/index.php\/wp-json\/wp\/v2\/pages"}],"about":[{"href":"https:\/\/v2.lafevedoree.fr\/index.php\/wp-json\/wp\/v2\/types\/page"}],"author":[{"embeddable":true,"href":"https:\/\/v2.lafevedoree.fr\/index.php\/wp-json\/wp\/v2\/users\/1"}],"replies":[{"embeddable":true,"href":"https:\/\/v2.lafevedoree.fr\/index.php\/wp-json\/wp\/v2\/comments?post=825"}],"version-history":[{"count":48,"href":"https:\/\/v2.lafevedoree.fr\/index.php\/wp-json\/wp\/v2\/pages\/825\/revisions"}],"predecessor-version":[{"id":828,"href":"https:\/\/v2.lafevedoree.fr\/index.php\/wp-json\/wp\/v2\/pages\/825\/revisions\/828"}],"wp:attachment":[{"href":"https:\/\/v2.lafevedoree.fr\/index.php\/wp-json\/wp\/v2\/media?parent=825"}],"curies":[{"name":"wp","href":"https:\/\/api.w.org\/{rel}","templated":true}]}}